{"id":834,"date":"2023-03-29T05:58:07","date_gmt":"2023-03-29T05:58:07","guid":{"rendered":"https:\/\/bracketweb.com\/govitywp\/?page_id=834"},"modified":"2024-09-09T16:36:03","modified_gmt":"2024-09-09T19:36:03","slug":"event-details","status":"publish","type":"page","link":"https:\/\/partidonuevotiempo.cl\/index.php\/event-details\/","title":{"rendered":"Detalles del Evento"},"content":{"rendered":"\t\t<div data-elementor-type=\"wp-page\" data-elementor-id=\"834\" class=\"elementor elementor-834\">\n\t\t\t\t\t\t<section class=\"elementor-section elementor-top-section elementor-element elementor-element-0e4c52d event-details elementor-section-boxed elementor-section-height-default elementor-section-height-default\" data-id=\"0e4c52d\" data-element_type=\"section\">\n\t\t\t\t\t\t<div class=\"elementor-container elementor-column-gap-no\">\n\t\t\t\t\t<div class=\"elementor-column elementor-col-50 elementor-top-column elementor-element elementor-element-0512817\" data-id=\"0512817\" data-element_type=\"column\">\n\t\t\t<div class=\"elementor-widget-wrap elementor-element-populated\">\n\t\t\t\t\t\t<section class=\"elementor-section elementor-inner-section elementor-element elementor-element-a1da08c elementor-section-boxed elementor-section-height-default elementor-section-height-default\" data-id=\"a1da08c\" data-element_type=\"section\">\n\t\t\t\t\t\t<div class=\"elementor-container elementor-column-gap-no\">\n\t\t\t\t\t<div class=\"elementor-column elementor-col-50 elementor-inner-column elementor-element elementor-element-882fe35\" data-id=\"882fe35\" data-element_type=\"column\">\n\t\t\t<div class=\"elementor-widget-wrap elementor-element-populated\">\n\t\t\t\t\t\t<div class=\"elementor-element elementor-element-7597342 elementor-widget elementor-widget-govity-date-box\" data-id=\"7597342\" data-element_type=\"widget\" data-widget_type=\"govity-date-box.default\">\n\t\t\t\t<div class=\"elementor-widget-container\">\n\t\t\t\r\n    <div class=\"event-details__date-box\">\r\n        <div class=\"event-details__date-box-shape-1\">\r\n            <img decoding=\"async\" src=\"https:\/\/partidonuevotiempo.cl\/wp-content\/uploads\/2023\/03\/event-details-shape-1.png\" alt=\"event-details-shape-1\" title=\"event-details-shape-1\" >        <\/div>\r\n        <div class=\"event-details__date-title-and-icon\">\r\n            <div class=\"event-details__date-icon\">\r\n                <span aria-hidden=\"true\" class=\"  icon-calendar\"><\/span>            <\/div>\r\n            <h3 class=\"event-details__date-title\">Fecha y Hora<\/h3>        <\/div>\r\n        <p class=\"event-details__date-text\">10:00 hrs <br> 28 Septiembre, 2024<\/p>    <\/div>\r\n\r\n\t\t<\/div>\n\t\t\t\t<\/div>\n\t\t\t\t\t<\/div>\n\t\t<\/div>\n\t\t\t\t<div class=\"elementor-column elementor-col-50 elementor-inner-column elementor-element elementor-element-5ce30bd\" data-id=\"5ce30bd\" data-element_type=\"column\">\n\t\t\t<div class=\"elementor-widget-wrap elementor-element-populated\">\n\t\t\t\t\t\t<div class=\"elementor-element elementor-element-1abe405 elementor-widget elementor-widget-govity-date-box\" data-id=\"1abe405\" data-element_type=\"widget\" data-widget_type=\"govity-date-box.default\">\n\t\t\t\t<div class=\"elementor-widget-container\">\n\t\t\t\r\n    <div class=\"event-details__date-box\">\r\n        <div class=\"event-details__date-box-shape-1\">\r\n            <img decoding=\"async\" src=\"https:\/\/partidonuevotiempo.cl\/wp-content\/uploads\/2023\/03\/event-details-shape-2.png\" alt=\"event-details-shape-2\" title=\"event-details-shape-2\" >        <\/div>\r\n        <div class=\"event-details__date-title-and-icon\">\r\n            <div class=\"event-details__date-icon\">\r\n                <span aria-hidden=\"true\" class=\"   icon-placeholder\"><\/span>            <\/div>\r\n            <h3 class=\"event-details__date-title\">Location<\/h3>        <\/div>\r\n        <p class=\"event-details__date-text\">Granaderos #2247 <br> Calama<\/p>    <\/div>\r\n\r\n\t\t<\/div>\n\t\t\t\t<\/div>\n\t\t\t\t\t<\/div>\n\t\t<\/div>\n\t\t\t\t\t<\/div>\n\t\t<\/section>\n\t\t\t\t<div class=\"elementor-element elementor-element-a8e181f elementor-widget elementor-widget-heading\" data-id=\"a8e181f\" data-element_type=\"widget\" data-widget_type=\"heading.default\">\n\t\t\t\t<div class=\"elementor-widget-container\">\n\t\t\t<style>\/*! elementor - v3.23.0 - 05-08-2024 *\/\n.elementor-heading-title{padding:0;margin:0;line-height:1}.elementor-widget-heading .elementor-heading-title[class*=elementor-size-]>a{color:inherit;font-size:inherit;line-height:inherit}.elementor-widget-heading .elementor-heading-title.elementor-size-small{font-size:15px}.elementor-widget-heading .elementor-heading-title.elementor-size-medium{font-size:19px}.elementor-widget-heading .elementor-heading-title.elementor-size-large{font-size:29px}.elementor-widget-heading .elementor-heading-title.elementor-size-xl{font-size:39px}.elementor-widget-heading .elementor-heading-title.elementor-size-xxl{font-size:59px}<\/style><h3 class=\"elementor-heading-title elementor-size-default\">Seminario gratuito de Prevenci\u00f3n de Abuso Sexual en los Colegios. <\/h3>\t\t<\/div>\n\t\t\t\t<\/div>\n\t\t\t\t<div class=\"elementor-element elementor-element-f35fead elementor-widget elementor-widget-text-editor\" data-id=\"f35fead\" data-element_type=\"widget\" data-widget_type=\"text-editor.default\">\n\t\t\t\t<div class=\"elementor-widget-container\">\n\t\t\t<style>\/*! elementor - v3.23.0 - 05-08-2024 *\/\n.elementor-widget-text-editor.elementor-drop-cap-view-stacked .elementor-drop-cap{background-color:#69727d;color:#fff}.elementor-widget-text-editor.elementor-drop-cap-view-framed .elementor-drop-cap{color:#69727d;border:3px solid;background-color:transparent}.elementor-widget-text-editor:not(.elementor-drop-cap-view-default) .elementor-drop-cap{margin-top:8px}.elementor-widget-text-editor:not(.elementor-drop-cap-view-default) .elementor-drop-cap-letter{width:1em;height:1em}.elementor-widget-text-editor .elementor-drop-cap{float:left;text-align:center;line-height:1;font-size:50px}.elementor-widget-text-editor .elementor-drop-cap-letter{display:inline-block}<\/style>\t\t\t\t<p>Lorem ipsum dolor sit amet, Neque porro est qui dolorem ipsum quia quaed inventore veritatis et quasi architecto beatae vitae dicta sunt explicabo. Aelltes port lacus quis enim var sed efficitur turpis gilla sed sit amet finibus eros. Lorem Ipsum is simply dummy text of the printing and typesetting industry.<\/p>\t\t\t\t\t\t<\/div>\n\t\t\t\t<\/div>\n\t\t\t\t<div class=\"elementor-element elementor-element-2972830 elementor-widget elementor-widget-text-editor\" data-id=\"2972830\" data-element_type=\"widget\" data-widget_type=\"text-editor.default\">\n\t\t\t\t<div class=\"elementor-widget-container\">\n\t\t\t\t\t\t\t<p>Contaremos con la participaci\u00f3n de especialistas en el \u00e1rea, quienes a su vez atendieron casos de la Escuela E-87 (Antofagasta) y Adolfo Beyzaga (Arica), desde la pr\u00e1ctica nos brindar\u00e1n herramientas fundamentales para la prevenci\u00f3n del Abuso Sexual Infantil en los colegios.<\/p>\t\t\t\t\t\t<\/div>\n\t\t\t\t<\/div>\n\t\t\t\t<div class=\"elementor-element elementor-element-e370551 elementor-widget elementor-widget-text-editor\" data-id=\"e370551\" data-element_type=\"widget\" data-widget_type=\"text-editor.default\">\n\t\t\t\t<div class=\"elementor-widget-container\">\n\t\t\t\t\t\t\t<p>When an unknown printer took a galley of type and scrambled it to make a type specimen book. It has survived not only five centuries, but also the leap into electronic typesetting, remaining essentially unchanged. Aelltes port lacus quis enim var sed efficitur turpis gilla sed sit amet finibus eros.<\/p>\t\t\t\t\t\t<\/div>\n\t\t\t\t<\/div>\n\t\t\t\t<div class=\"elementor-element elementor-element-aa3d5bd elementor-widget elementor-widget-image\" data-id=\"aa3d5bd\" data-element_type=\"widget\" data-widget_type=\"image.default\">\n\t\t\t\t<div class=\"elementor-widget-container\">\n\t\t\t<style>\/*! elementor - v3.23.0 - 05-08-2024 *\/\n.elementor-widget-image{text-align:center}.elementor-widget-image a{display:inline-block}.elementor-widget-image a img[src$=\".svg\"]{width:48px}.elementor-widget-image img{vertical-align:middle;display:inline-block}<\/style>\t\t\t\t\t\t\t\t\t\t<img fetchpriority=\"high\" decoding=\"async\" width=\"1414\" height=\"2000\" src=\"https:\/\/partidonuevotiempo.cl\/wp-content\/uploads\/2024\/09\/Con-los-ninos-no.png\" class=\"attachment-full size-full wp-image-3238\" alt=\"\" srcset=\"https:\/\/partidonuevotiempo.cl\/wp-content\/uploads\/2024\/09\/Con-los-ninos-no.png 1414w, https:\/\/partidonuevotiempo.cl\/wp-content\/uploads\/2024\/09\/Con-los-ninos-no-212x300.png 212w, https:\/\/partidonuevotiempo.cl\/wp-content\/uploads\/2024\/09\/Con-los-ninos-no-724x1024.png 724w, https:\/\/partidonuevotiempo.cl\/wp-content\/uploads\/2024\/09\/Con-los-ninos-no-768x1086.png 768w, https:\/\/partidonuevotiempo.cl\/wp-content\/uploads\/2024\/09\/Con-los-ninos-no-1086x1536.png 1086w, https:\/\/partidonuevotiempo.cl\/wp-content\/uploads\/2024\/09\/Con-los-ninos-no-200x283.png 200w, https:\/\/partidonuevotiempo.cl\/wp-content\/uploads\/2024\/09\/Con-los-ninos-no-570x806.png 570w\" sizes=\"(max-width: 1414px) 100vw, 1414px\" \/>\t\t\t\t\t\t\t\t\t\t\t\t\t<\/div>\n\t\t\t\t<\/div>\n\t\t\t\t<div class=\"elementor-element elementor-element-ff22abc elementor-widget elementor-widget-text-editor\" data-id=\"ff22abc\" data-element_type=\"widget\" data-widget_type=\"text-editor.default\">\n\t\t\t\t<div class=\"elementor-widget-container\">\n\t\t\t\t\t\t\t<p><strong>Invita y organiza:<\/strong> Fraternidad de Pastores del Loa, Fundaci\u00f3n Social Alegr\u00eda Sin L\u00edmites y Partido Cristiano Nuevo Tiempo (en formaci\u00f3n).<\/p>\t\t\t\t\t\t<\/div>\n\t\t\t\t<\/div>\n\t\t\t\t<div class=\"elementor-element elementor-element-bfbc9cf elementor-widget elementor-widget-govity-button\" data-id=\"bfbc9cf\" data-element_type=\"widget\" data-widget_type=\"govity-button.default\">\n\t\t\t\t<div class=\"elementor-widget-container\">\n\t\t\t    <div class=\"event-details__btn-box\">\r\n        <a class=\"event-details__btn thm-btn\" href=\"https:\/\/bracketweb.com\/govitywp\/contact\/\"  >\u00a1Reg\u00edstrate ahora!<\/a>    <\/div>\r\n\t\t<\/div>\n\t\t\t\t<\/div>\n\t\t\t\t\t<\/div>\n\t\t<\/div>\n\t\t\t\t<div class=\"elementor-column elementor-col-50 elementor-top-column elementor-element elementor-element-15a0d43\" data-id=\"15a0d43\" data-element_type=\"column\">\n\t\t\t<div class=\"elementor-widget-wrap elementor-element-populated\">\n\t\t\t\t\t\t<div class=\"elementor-element elementor-element-170658a elementor-widget elementor-widget-govity-sidebar-userinfo\" data-id=\"170658a\" data-element_type=\"widget\" data-widget_type=\"govity-sidebar-userinfo.default\">\n\t\t\t\t<div class=\"elementor-widget-container\">\n\t\t\t\r\n    <div class=\"event-details__right\">\r\n        <div class=\"event-details__user-info\">\r\n            <h3 class=\"event-details__user-name\">Juan Paulo Basterrechea<\/h3><p class=\"event-details__user-text\">\"El conocimiento adecuado permite reducir los riesgos de Abuso Sexual, necesitamos tomar acci\u00f3n y proteger a nuestros ni\u00f1os\"<\/p>            <a href=\"tel:+9212340800\" class=\"event-details__user-number\">+56 9 9472 1342<\/a>            <div class=\"event-details__social\">\r\n                                    <a   href=\"https:\/\/www.facebook.com\/partidonuevotiempo\"><svg aria-hidden=\"true\" class=\"  e-font-icon-svg e-fab-facebook-f\" viewBox=\"0 0 320 512\" xmlns=\"http:\/\/www.w3.org\/2000\/svg\"><path d=\"M279.14 288l14.22-92.66h-88.91v-60.13c0-25.35 12.42-50.06 52.24-50.06h40.42V6.26S260.43 0 225.36 0c-73.22 0-121.08 44.38-121.08 124.72v70.62H22.89V288h81.39v224h100.17V288z\"><\/path><\/svg><\/a>\r\n                                    <a   href=\"https:\/\/www.instagram.com\/partidonuevotiempo?igsh=Y3NvdmZ5NWo0N2Ux&#038;utm_source=qr\"><svg aria-hidden=\"true\" class=\"  e-font-icon-svg e-fab-instagram\" viewBox=\"0 0 448 512\" xmlns=\"http:\/\/www.w3.org\/2000\/svg\"><path d=\"M224.1 141c-63.6 0-114.9 51.3-114.9 114.9s51.3 114.9 114.9 114.9S339 319.5 339 255.9 287.7 141 224.1 141zm0 189.6c-41.1 0-74.7-33.5-74.7-74.7s33.5-74.7 74.7-74.7 74.7 33.5 74.7 74.7-33.6 74.7-74.7 74.7zm146.4-194.3c0 14.9-12 26.8-26.8 26.8-14.9 0-26.8-12-26.8-26.8s12-26.8 26.8-26.8 26.8 12 26.8 26.8zm76.1 27.2c-1.7-35.9-9.9-67.7-36.2-93.9-26.2-26.2-58-34.4-93.9-36.2-37-2.1-147.9-2.1-184.9 0-35.8 1.7-67.6 9.9-93.9 36.1s-34.4 58-36.2 93.9c-2.1 37-2.1 147.9 0 184.9 1.7 35.9 9.9 67.7 36.2 93.9s58 34.4 93.9 36.2c37 2.1 147.9 2.1 184.9 0 35.9-1.7 67.7-9.9 93.9-36.2 26.2-26.2 34.4-58 36.2-93.9 2.1-37 2.1-147.8 0-184.8zM398.8 388c-7.8 19.6-22.9 34.7-42.6 42.6-29.5 11.7-99.5 9-132.1 9s-102.7 2.6-132.1-9c-19.6-7.8-34.7-22.9-42.6-42.6-11.7-29.5-9-99.5-9-132.1s-2.6-102.7 9-132.1c7.8-19.6 22.9-34.7 42.6-42.6 29.5-11.7 99.5-9 132.1-9s102.7-2.6 132.1 9c19.6 7.8 34.7 22.9 42.6 42.6 11.7 29.5 9 99.5 9 132.1s2.7 102.7-9 132.1z\"><\/path><\/svg><\/a>\r\n                            <\/div>\r\n        <\/div>\r\n    <\/div>\r\n\r\n\t\t<\/div>\n\t\t\t\t<\/div>\n\t\t\t\t<div class=\"elementor-element elementor-element-b3c81a7 elementor-widget elementor-widget-govity-google-maps\" data-id=\"b3c81a7\" data-element_type=\"widget\" data-widget_type=\"govity-google-maps.default\">\n\t\t\t\t<div class=\"elementor-widget-container\">\n\t\t\t        <div class=\"event-details__google-map\">\r\n        <iframe src=\"https:\/\/maps.google.com\/maps?q=Granaderos%202247%20Calama&#038;t=m&#038;z=18&#038;output=embed&#038;iwloc=near\" title=\"Granaderos 2247 Calama\" class=\"google-map__one\" aria-label=\"Granaderos 2247 Calama\" allowfullscreen><\/iframe>\r\n    <\/div>\r\n\r\n\t\t<\/div>\n\t\t\t\t<\/div>\n\t\t\t\t\t<\/div>\n\t\t<\/div>\n\t\t\t\t\t<\/div>\n\t\t<\/section>\n\t\t\t\t<\/div>\n\t\t","protected":false},"excerpt":{"rendered":"<p>Fecha y Hora 10:00 hrs 28 Septiembre, 2024 Location Granaderos #2247 Calama Seminario gratuito de Prevenci\u00f3n de Abuso Sexual en los Colegios. Lorem ipsum dolor sit amet, Neque porro est qui dolorem ipsum quia quaed inventore veritatis et quasi architecto beatae vitae dicta sunt explicabo. Aelltes port lacus quis enim var sed efficitur turpis gilla [&hellip;]<\/p>\n","protected":false},"author":1,"featured_media":0,"parent":0,"menu_order":0,"comment_status":"closed","ping_status":"closed","template":"elementor_header_footer","meta":{"_monsterinsights_skip_tracking":false,"_monsterinsights_sitenote_active":false,"_monsterinsights_sitenote_note":"","_monsterinsights_sitenote_category":0,"footnotes":""},"class_list":["post-834","page","type-page","status-publish","hentry"],"aioseo_notices":[],"_links":{"self":[{"href":"https:\/\/partidonuevotiempo.cl\/index.php\/wp-json\/wp\/v2\/pages\/834"}],"collection":[{"href":"https:\/\/partidonuevotiempo.cl\/index.php\/wp-json\/wp\/v2\/pages"}],"about":[{"href":"https:\/\/partidonuevotiempo.cl\/index.php\/wp-json\/wp\/v2\/types\/page"}],"author":[{"embeddable":true,"href":"https:\/\/partidonuevotiempo.cl\/index.php\/wp-json\/wp\/v2\/users\/1"}],"replies":[{"embeddable":true,"href":"https:\/\/partidonuevotiempo.cl\/index.php\/wp-json\/wp\/v2\/comments?post=834"}],"version-history":[{"count":32,"href":"https:\/\/partidonuevotiempo.cl\/index.php\/wp-json\/wp\/v2\/pages\/834\/revisions"}],"predecessor-version":[{"id":3289,"href":"https:\/\/partidonuevotiempo.cl\/index.php\/wp-json\/wp\/v2\/pages\/834\/revisions\/3289"}],"wp:attachment":[{"href":"https:\/\/partidonuevotiempo.cl\/index.php\/wp-json\/wp\/v2\/media?parent=834"}],"curies":[{"name":"wp","href":"https:\/\/api.w.org\/{rel}","templated":true}]}}